e greatest common factor of 95 and x.
19
Suppose 3*w - 22 = -5*i - 1, -4*w + 60 = -4*i. Let a = 393 + -369. Calculate the greatest common factor of a and w.
12
Let d be 42 - (-6 + (-2 - -4)). What is the highest common divisor of d and 23?
23
Let k be (6 - (9 + -5)) + 34. Calculate the greatest common factor of 18 and k.
18
Suppose -3 = 3*m - 39. What is the highest common factor of m and 108?
12
Let l(r) = -r**2 + 12*r + 17. Let h be l(13). Calculate the highest common factor of 4 and h.
4
Suppose -6 = 3*p - 3*x - x, -3*x + 9 = 0. Let a be 1 + 2 + 19 + -1. Suppose -11 - a = -2*s. What is the greatest common divisor of p and s?
2
Suppose -19 + 57 = 2*w. Calculate the highest common divisor of w and 76.
19
Suppose 5*s - 512 = 48. Calculate the greatest common divisor of s and 28.
28
Suppose -3*n = 5*i - n - 104, -2*i + n = -47. Let b be (46/(-6))/((-3)/(-9)). Let y = b - -56. Calculate the greatest common divisor of i and y.
11
Suppose 0*u + 2 = -u. Let x = u - -9. Let b be 41/2 - 3/(-6). What is the greatest common divisor of x and b?
7
Suppose g = -0*g + 16. Let f be (1 - 0) + (-85 - 1). Let q = f - -149. What is the greatest common factor of q and g?
16
Let s = -33 - -36. What is the greatest common factor of 33 and s?
3
Let m = -3907 + 2170. Let k be 4/6 - m/27. What is the highest common factor of k and 26?
13
Suppose 4*i - 48 = -0*i. What is the highest common factor of 6 and i?
6
Let m(z) = z**3 + 18*z**2 + 22*z - 4. Let t be m(-16). Calculate the highest common divisor of 12 and t.
12
Let v = 50 + -30. Let q be (5 + -1)/(-2) + 5. Let y be 4 - (-27 - (q - 4)). What is the greatest common divisor of y and v?
10
Suppose -5*v + 2 + 88 = 0. Suppose 0*k - 2 = 2*j + 2*k, -2*j + 3*k = -3. Suppose -2*q + j*q = -24. Calculate the highest common factor of v and q.
6
Let p(i) = -i**3 - 7*i**2 - 6*i + 2. Let u be p(-6). Let c be u + 23*(-2)/(-1). What is the highest common divisor of 6 and c?
6
Let v = 6 - 4. Suppose 58 = m + 2*k, -v*m - 2*k + 11 = -95. Let s be (120 - (1 - -1)) + 2. Calculate the highest common factor of m and s.
24
Let c(t) = t**2 - 4*t - 7. Let o be c(6). Let s(k) = -k**2 + 6*k. Let a be s(o). Let u = 8 - a. Calculate the greatest common factor of u and 21.
3
Suppose 0*x + 4*x - 3*n = 168, 5*x - 215 = 5*n. What is the greatest common divisor of x and 26?
13
Suppose 0 = 5*w - 4*y + 8*y - 24, 2*y = 2. Suppose -2*a = -2*h + w, -a + 22 = 7*h - 2*h. What is the greatest common factor of a and 18?
2
Let m = -7 + -3. Let l = -5 - m. Suppose l*f = 4*f + 3. Calculate the highest common factor of f and 12.
3
Let s = 9 + 3. Let n = 82 + -46. What is the greatest common factor of s and n?
12
Let d = 5 + -1. Suppose 0 = d*w - 39 - 1. What is the greatest common divisor of 40 and w?
10
Let r(x) = 16*x**2 + 6*x**2 + 3 + 1. Let b be r(3). Let n be (-4)/22 + b/22. Calculate the highest common divisor of 81 and n.
9
Let u = -7 + 9. Let w(d) = -d**2 - 7*d - 2. Let b be w(-6). What is the highest common factor of b and u?
2
Let i(s) = 10*s + 4. Let v be i(5). Calculate the highest common factor of 6 and v.
6
Suppose 5*n - 625 = -0*n. Let w = 191 - n. What is the greatest common divisor of 6 and w?
6
Suppose -2*y + 2*v = -0*y - 18, -13 = -y - 3*v. Calculate the highest common divisor of y and 80.
10
Let q = 9 - 13. Let k be -12*-1*(-13)/q. What is the greatest common divisor of k and 26?
13
Let k be 138/4*2/3. Let s = k - 15. Let f = 9 + s. Calculate the greatest common factor of 153 and f.
17
Let a = 1 - 5. Let n(j) = -4*j - 5. Let o be n(a). Let u = -64 + 119. What is the greatest common divisor of o and u?
11
Let t(b) = -84*b - 7. Let v be t(-1). Calculate the greatest common factor of 7 and v.
7
Let q(s) = s**3 + 7*s**2 - 9*s - 1. Let t be q(-8). Let v = 1 + t. What is the greatest common factor of v and 24?
8
Suppose -5*t = -74 + 19. What is the highest common divisor of 44 and t?
11
Let t be (-1)/(-1) - -2*2. Suppose 5*l = -2*c + 105, c + l - 75 = 3*l. Let i = c + t. Calculate the highest common divisor of i and 10.
10
Suppose -5*n + 296 + 54 = 0. Let i(w) = -w**2 - 4*w + 1. Let r be i(-3). Suppose -r*o = -9*o + n. What is the greatest common factor of 140 and o?
14
Let y(j) = j**3 - 5*j**2 - j + 7. Let x = 9 - 4. Let i be y(x). Suppose -18 = -p - 2*p. What is the greatest common factor of i and p?
2
Let m(k) = k**2 - 4*k + 4. Let o be m(4). Suppose -5*t + 3*f + 56 = f, -4*t - f + 50 = 0. Calculate the greatest common factor of t and o.
4
Let f(g) = g**2 + 15*g - 15. Let o be f(-16). Calculate the greatest common factor of 7 and o.
1
Let l be 16 + (-2 - (-1 + -1)). Calculate the greatest common divisor of l and 24.
8
Let y = -1 - -1. Let u be y + ((-8)/(-2))/1. Suppose -u*t = -91 + 11. Calculate the highest common factor of 8 and t.
4
Let c(d) = d**3 + 6*d**2 + 6*d + 10. Let y be c(-5). Suppose 45 = -3*q + 4*q. Calculate the greatest common divisor of q and y.
5
Suppose -5*k + 975 = 400. Calculate the highest common factor of 23 and k.
23
Let h(a) = 69*a - 6. Let m be h(2). Calculate the greatest common factor of m and 12.
12
Let t = -14 - -34. Calculate the highest common factor of 20 and t.
20
Let x = -13 - -15. Suppose 4*q - 3 = l - 36, 3*q = -x*l + 66. Let u = 11 + 0. Calculate the highest common factor of u and l.
11
Let n be -3*(1 + 1)*1. Let r be (-3 - n/3) + 15. What is the greatest common factor of 154 and r?
14
Let y(q) = q + 1. Let d be y(3). Suppose 1 = -d*i + n + 14, 3*i - 3*n - 21 = 0. Suppose 13 = u - i. Calculate the greatest common factor of u and 5.
5
Let j = -141 - -218. Suppose 2*v = p - 21, 5*p - 71 = 5*v + 9. What is the highest common divisor of j and p?
11
Let d(k) = k**2 + 3*k. Let v be d(-3). Suppose v*o = o + 5*s - 160, 5*o = -4*s + 716. Calculate the highest common divisor of 20 and o.
20
Let p(o) = 9*o - 4. Let r be p(3). Suppose 4*v = 400 - 32. What is the highest common divisor of v and r?
23
Let r be ((-5)/3 - 1)/(10/(-30)). What is the highest common factor of 8 and r?
8
Let n = 230 - 105. Calculate the greatest common factor of 25 and n.
25
Let z = 53 - 37. Suppose 2*x = -x + 15. Suppose -2 = a + 1, -x*b - 5*a - 5 = 0. What is the highest common factor of b and z?
2
Let n be (-4)/(-20) + (1 - 328/(-10)). Calculate the greatest common divisor of 374 and n.
34
Let d(g) = 2*g + 40. Let l be d(-9). Calculate the greatest common divisor of 2 and l.
2
Let p = 0 + 1. Suppose o + 2*i - 13 = 0, o + 2*i - 22 = -o. What is the highest common divisor of o and p?
1
Suppose -3*t + 249 = 4*c, 5*c + 201 - 489 = 4*t. Calculate the highest common divisor of 15 and c.
15
Suppose -5*v + 10 - 200 = -4*o, -3*o = -4*v - 143. Calculate the greatest common divisor of o and 18.
9
Suppose 5*r = -4*c + 36, -r = r - 2*c. Calculate the greatest common factor of r and 10.
2
Suppose 5*k + 1069 = 2*a, 0 = 2*a + 6 - 0. Suppose -2*r + 315 = -r. Let b = r + k. Calculate the highest common factor of 20 and b.
20
Let b = 24 - 6. What is the greatest common factor of b and 54?
18
Let n = 0 + 5. Suppose 4*a = 3*a + n, 2*a = 4*s - 54. Calculate the greatest common factor of 24 and s.
8
Suppose -j + 3 + 0 = 0. Let a be 4/(-6) - (-22)/6. What is the highest common divisor of a and j?
3
Suppose -18 = -2*j - 3*b, -2*j + 13 = 5*b - 5. Calculate the greatest common divisor of j and 3.
3
Let l = 85 + -45. Suppose 10*s = 14*s - 20. Calculate the highest common divisor of s and l.
5
Let v be 3080/180 - (-2)/(-18). What is the greatest common divisor of 85 and v?
17
Let q = -58 - -75. Calculate the greatest common factor of 17 and q.
17
Let o(w) = 1 - w + 2*w + w**3 - 2*w - 2. Let g = 5 - 3. Let r be o(g). Calculate the highest common factor of r and 2.
1
Let o = 122 + -81. Suppose 3*x - 33 = 3*h, 4*x - 2*h = h + o. Calculate the greatest common factor of 64 and x.
8
Let y be (-2)/1 - (-6 + 0). Suppose 3*s + v + 25 = 4*s, 0 = s - 4*v - 19. Suppose 5*r = -7 + s. Calculate the highest common factor of y and r.
4
Suppose -2*w + 28 = 4*x, -8 = -w - 3*x + 7. What is the greatest common divisor of w and 30?
6
Let v(m) = m + 27. Let d be v(-15). Calculate the greatest common factor of d and 72.
12
Let f(t) = -t + 7. Let z be f(0). Calculate the greatest common factor of 56 and z.
7
Suppose 0 = -4*i - 0*i + 156. Calculate the greatest common divisor of i and 52.
1